{"id":89,"date":"2019-08-05T09:28:11","date_gmt":"2019-08-05T09:28:11","guid":{"rendered":"http:\/\/bbtrogalski.pl\/?page_id=89"},"modified":"2019-08-06T16:37:53","modified_gmt":"2019-08-06T16:37:53","slug":"uslugi","status":"publish","type":"page","link":"https:\/\/bbtrogalski.pl\/?page_id=89","title":{"rendered":"Us\u0142ugi"},"content":{"rendered":"<p>[et_pb_section fb_built=&#8221;1&#8243; fullwidth=&#8221;on&#8221; _builder_version=&#8221;3.17.2&#8243; animation_style=&#8221;flip&#8221;][et_pb_fullwidth_slider admin_label=&#8221;Fullwidth Slider&#8221; _builder_version=&#8221;3.17.2&#8243; header_font=&#8221;||||||||&#8221; parallax=&#8221;on&#8221; box_shadow_style=&#8221;preset6&#8243; box_shadow_blur=&#8221;10px&#8221; box_shadow_color=&#8221;rgba(0,0,0,0.1)&#8221; custom_padding=&#8221;|||&#8221; custom_padding_tablet=&#8221;|||&#8221; custom_padding_phone=&#8221;|||&#8221; show_inner_shadow=&#8221;on&#8221; button_text_size__hover_enabled=&#8221;off&#8221; button_one_text_size__hover_enabled=&#8221;off&#8221; button_two_text_size__hover_enabled=&#8221;off&#8221; button_text_color__hover_enabled=&#8221;off&#8221; button_one_text_color__hover_enabled=&#8221;off&#8221; button_two_text_color__hover_enabled=&#8221;off&#8221; button_border_width__hover_enabled=&#8221;off&#8221; button_one_border_width__hover_enabled=&#8221;off&#8221; button_two_border_width__hover_enabled=&#8221;off&#8221; button_border_color__hover_enabled=&#8221;off&#8221; button_one_border_color__hover_enabled=&#8221;off&#8221; button_two_border_color__hover_enabled=&#8221;off&#8221; button_border_radius__hover_enabled=&#8221;off&#8221; button_one_border_radius__hover_enabled=&#8221;off&#8221; button_two_border_radius__hover_enabled=&#8221;off&#8221; button_letter_spacing__hover_enabled=&#8221;off&#8221; button_one_letter_spacing__hover_enabled=&#8221;off&#8221; button_two_letter_spacing__hover_enabled=&#8221;off&#8221; button_bg_color__hover_enabled=&#8221;off&#8221; button_one_bg_color__hover_enabled=&#8221;off&#8221; button_two_bg_color__hover_enabled=&#8221;off&#8221;][et_pb_slide heading=&#8221; B B T technika grzewcza&#8221; use_bg_overlay=&#8221;on&#8221; _builder_version=&#8221;3.17.2&#8243; header_font=&#8221;||||||||&#8221; header_font_size=&#8221;15px&#8221; header_letter_spacing=&#8221;9px&#8221; background_color=&#8221;#ffffff&#8221; background_image=&#8221;http:\/\/bbtrogalski.pl\/wp-content\/uploads\/2019\/08\/t9.jpg&#8221; background_video_width=&#8221;1920&#8243; background_video_height=&#8221;638&#8243; video_bg_width=&#8221;1920&#8243; video_bg_height=&#8221;638&#8243; button_text_size__hover_enabled=&#8221;off&#8221; button_one_text_size__hover_enabled=&#8221;off&#8221; button_two_text_size__hover_enabled=&#8221;off&#8221; button_text_color__hover_enabled=&#8221;off&#8221; button_one_text_color__hover_enabled=&#8221;off&#8221; button_two_text_color__hover_enabled=&#8221;off&#8221; button_border_width__hover_enabled=&#8221;off&#8221; button_one_border_width__hover_enabled=&#8221;off&#8221; button_two_border_width__hover_enabled=&#8221;off&#8221; button_border_color__hover_enabled=&#8221;off&#8221; button_one_border_color__hover_enabled=&#8221;off&#8221; button_two_border_color__hover_enabled=&#8221;off&#8221; button_border_radius__hover_enabled=&#8221;off&#8221; button_one_border_radius__hover_enabled=&#8221;off&#8221; button_two_border_radius__hover_enabled=&#8221;off&#8221; button_letter_spacing__hover_enabled=&#8221;off&#8221; button_one_letter_spacing__hover_enabled=&#8221;off&#8221; button_two_letter_spacing__hover_enabled=&#8221;off&#8221; button_bg_color__hover_enabled=&#8221;off&#8221; button_one_bg_color__hover_enabled=&#8221;off&#8221; button_two_bg_color__hover_enabled=&#8221;off&#8221;]&nbsp;<br \/>\n[\/et_pb_slide][et_pb_slide heading=&#8221; B B T technika grzewcza&#8221; use_bg_overlay=&#8221;on&#8221; _builder_version=&#8221;3.17.2&#8243; header_font=&#8221;||||||||&#8221; header_font_size=&#8221;15px&#8221; header_letter_spacing=&#8221;9px&#8221; background_color=&#8221;#ffffff&#8221; background_image=&#8221;http:\/\/bbtrogalski.pl\/wp-content\/uploads\/2019\/08\/T1.jpg&#8221; background_video_width=&#8221;1920&#8243; background_video_height=&#8221;638&#8243; video_bg_width=&#8221;1920&#8243; video_bg_height=&#8221;638&#8243; button_text_size__hover_enabled=&#8221;off&#8221; button_one_text_size__hover_enabled=&#8221;off&#8221; button_two_text_size__hover_enabled=&#8221;off&#8221; button_text_color__hover_enabled=&#8221;off&#8221; button_one_text_color__hover_enabled=&#8221;off&#8221; button_two_text_color__hover_enabled=&#8221;off&#8221; button_border_width__hover_enabled=&#8221;off&#8221; button_one_border_width__hover_enabled=&#8221;off&#8221; button_two_border_width__hover_enabled=&#8221;off&#8221; button_border_color__hover_enabled=&#8221;off&#8221; button_one_border_color__hover_enabled=&#8221;off&#8221; button_two_border_color__hover_enabled=&#8221;off&#8221; button_border_radius__hover_enabled=&#8221;off&#8221; button_one_border_radius__hover_enabled=&#8221;off&#8221; button_two_border_radius__hover_enabled=&#8221;off&#8221; button_letter_spacing__hover_enabled=&#8221;off&#8221; button_one_letter_spacing__hover_enabled=&#8221;off&#8221; button_two_letter_spacing__hover_enabled=&#8221;off&#8221; button_bg_color__hover_enabled=&#8221;off&#8221; button_one_bg_color__hover_enabled=&#8221;off&#8221; button_two_bg_color__hover_enabled=&#8221;off&#8221;]&nbsp;<\/p>\n<p>&nbsp;<br \/>\n[\/et_pb_slide][et_pb_slide heading=&#8221; B B T technika grzewcza&#8221; use_bg_overlay=&#8221;on&#8221; _builder_version=&#8221;3.17.2&#8243; header_font=&#8221;||||||||&#8221; header_font_size=&#8221;15px&#8221; header_letter_spacing=&#8221;9px&#8221; background_color=&#8221;#ffffff&#8221; background_image=&#8221;http:\/\/bbtrogalski.pl\/wp-content\/uploads\/2019\/08\/t7.jpg&#8221; background_video_width=&#8221;1920&#8243; background_video_height=&#8221;638&#8243; video_bg_width=&#8221;1920&#8243; video_bg_height=&#8221;638&#8243; button_text_size__hover_enabled=&#8221;off&#8221; button_one_text_size__hover_enabled=&#8221;off&#8221; button_two_text_size__hover_enabled=&#8221;off&#8221; button_text_color__hover_enabled=&#8221;off&#8221; button_one_text_color__hover_enabled=&#8221;off&#8221; button_two_text_color__hover_enabled=&#8221;off&#8221; button_border_width__hover_enabled=&#8221;off&#8221; button_one_border_width__hover_enabled=&#8221;off&#8221; button_two_border_width__hover_enabled=&#8221;off&#8221; button_border_color__hover_enabled=&#8221;off&#8221; button_one_border_color__hover_enabled=&#8221;off&#8221; button_two_border_color__hover_enabled=&#8221;off&#8221; button_border_radius__hover_enabled=&#8221;off&#8221; button_one_border_radius__hover_enabled=&#8221;off&#8221; button_two_border_radius__hover_enabled=&#8221;off&#8221; button_letter_spacing__hover_enabled=&#8221;off&#8221; button_one_letter_spacing__hover_enabled=&#8221;off&#8221; button_two_letter_spacing__hover_enabled=&#8221;off&#8221; button_bg_color__hover_enabled=&#8221;off&#8221; button_one_bg_color__hover_enabled=&#8221;off&#8221; button_two_bg_color__hover_enabled=&#8221;off&#8221;]&nbsp;<\/p>\n<p>&nbsp;<br \/>\n[\/et_pb_slide][et_pb_slide heading=&#8221; B B T technika grzewcza&#8221; use_bg_overlay=&#8221;on&#8221; _builder_version=&#8221;3.17.2&#8243; header_font=&#8221;||||||||&#8221; header_font_size=&#8221;15px&#8221; header_letter_spacing=&#8221;9px&#8221; background_color=&#8221;#ffffff&#8221; background_image=&#8221;http:\/\/bbtrogalski.pl\/wp-content\/uploads\/2019\/08\/t8.jpg&#8221; background_video_width=&#8221;1920&#8243; background_video_height=&#8221;638&#8243; video_bg_width=&#8221;1920&#8243; video_bg_height=&#8221;638&#8243; button_text_size__hover_enabled=&#8221;off&#8221; button_one_text_size__hover_enabled=&#8221;off&#8221; button_two_text_size__hover_enabled=&#8221;off&#8221; button_text_color__hover_enabled=&#8221;off&#8221; button_one_text_color__hover_enabled=&#8221;off&#8221; button_two_text_color__hover_enabled=&#8221;off&#8221; button_border_width__hover_enabled=&#8221;off&#8221; button_one_border_width__hover_enabled=&#8221;off&#8221; button_two_border_width__hover_enabled=&#8221;off&#8221; button_border_color__hover_enabled=&#8221;off&#8221; button_one_border_color__hover_enabled=&#8221;off&#8221; button_two_border_color__hover_enabled=&#8221;off&#8221; button_border_radius__hover_enabled=&#8221;off&#8221; button_one_border_radius__hover_enabled=&#8221;off&#8221; button_two_border_radius__hover_enabled=&#8221;off&#8221; button_letter_spacing__hover_enabled=&#8221;off&#8221; button_one_letter_spacing__hover_enabled=&#8221;off&#8221; button_two_letter_spacing__hover_enabled=&#8221;off&#8221; button_bg_color__hover_enabled=&#8221;off&#8221; button_one_bg_color__hover_enabled=&#8221;off&#8221; button_two_bg_color__hover_enabled=&#8221;off&#8221;]&nbsp;<\/p>\n<p>&nbsp;<br \/>\n[\/et_pb_slide][\/et_pb_fullwidth_slider][\/et_pb_section][et_pb_section fb_built=&#8221;1&#8243; _builder_version=&#8221;3.0.47&#8243;][et_pb_row _builder_version=&#8221;3.17.2&#8243;][et_pb_column type=&#8221;4_4&#8243; _builder_version=&#8221;3.0.47&#8243; parallax=&#8221;off&#8221; parallax_method=&#8221;on&#8221;][et_pb_image src=&#8221;http:\/\/bbtrogalski.pl\/wp-content\/uploads\/2019\/08\/bbt_logo_www.png&#8221; align=&#8221;center&#8221; _builder_version=&#8221;3.17.2&#8243; max_width=&#8221;36%&#8221; animation_style=&#8221;zoom&#8221;][\/et_pb_image][\/et_pb_column][\/et_pb_row][et_pb_row _builder_version=&#8221;3.17.2&#8243;][et_pb_column type=&#8221;4_4&#8243; _builder_version=&#8221;3.0.47&#8243; parallax=&#8221;off&#8221; parallax_method=&#8221;on&#8221;][et_pb_text _builder_version=&#8221;3.17.2&#8243; text_font=&#8221;||||||||&#8221; text_letter_spacing=&#8221;14px&#8221; header_font=&#8221;||||||||&#8221; header_font_size=&#8221;39px&#8221; text_orientation=&#8221;center&#8221;]<strong>us\u0142ugi<\/strong><br \/>\n[\/et_pb_text][\/et_pb_column][\/et_pb_row][\/et_pb_section][et_pb_section fb_built=&#8221;1&#8243; _builder_version=&#8221;3.17.2&#8243; background_color=&#8221;#0d2c5b&#8221;][et_pb_row _builder_version=&#8221;3.0.48&#8243; background_size=&#8221;initial&#8221; background_position=&#8221;top_left&#8221; background_repeat=&#8221;repeat&#8221;][et_pb_column type=&#8221;1_2&#8243; _builder_version=&#8221;3.0.47&#8243; parallax=&#8221;off&#8221; parallax_method=&#8221;on&#8221;][et_pb_toggle title=&#8221;Monta\u017c i sprzeda\u017c instalacji wod.-kan. i c.o.&#8221; _builder_version=&#8221;3.17.2&#8243;]<\/p>\n<p>&#8212;-<\/p>\n<p>[\/et_pb_toggle][et_pb_toggle title=&#8221;Monta\u017c kot\u0142owni na pellet i ekogroszek&#8221; _builder_version=&#8221;3.17.2&#8243;]<\/p>\n<p>&#8212;-<\/p>\n<p>[\/et_pb_toggle][et_pb_toggle title=&#8221;Monta\u017c kot\u0142owni gazowych&#8221; _builder_version=&#8221;3.17.2&#8243;]<\/p>\n<p>&#8212;-<\/p>\n<p>[\/et_pb_toggle][\/et_pb_column][et_pb_column type=&#8221;1_2&#8243; _builder_version=&#8221;3.0.47&#8243; parallax=&#8221;off&#8221; parallax_method=&#8221;on&#8221;][et_pb_toggle title=&#8221;Monta\u017c pomp ciep\u0142a&#8221; _builder_version=&#8221;3.17.2&#8243;]<\/p>\n<p>&#8212;-<\/p>\n<p>[\/et_pb_toggle][et_pb_toggle title=&#8221;Wykonawstwo instalacji c.o.&#8221; _builder_version=&#8221;3.17.2&#8243;]<\/p>\n<p>&#8212;-<\/p>\n<p>[\/et_pb_toggle][\/et_pb_column][\/et_pb_row][\/et_pb_section][et_pb_section fb_built=&#8221;1&#8243; fullwidth=&#8221;on&#8221; _builder_version=&#8221;3.0.47&#8243; custom_padding=&#8221;28px|0px|0px|0px|false|false&#8221;][et_pb_fullwidth_code _builder_version=&#8221;3.17.2&#8243; text_orientation=&#8221;center&#8221;]NASZE ODDZIA\u0141Y[\/et_pb_fullwidth_code][\/et_pb_section][et_pb_section fb_built=&#8221;1&#8243; _builder_version=&#8221;3.17.2&#8243; custom_padding=&#8221;0|0px|54px|0px|false|false&#8221; global_module=&#8221;119&#8243; saved_tabs=&#8221;all&#8221;][et_pb_row _builder_version=&#8221;3.17.2&#8243;][et_pb_column type=&#8221;1_3&#8243; _builder_version=&#8221;3.17.2&#8243; parallax=&#8221;off&#8221; parallax_method=&#8221;on&#8221;][et_pb_text _builder_version=&#8221;3.17.2&#8243;]<\/p>\n<p style=\"text-align: center;\"><strong>SALON D\u0179WIERZUTY<\/strong><br \/> ul. Micha\u0142a Kajki 2<br \/> 12-120 D\u017awierzuty<br \/> tel. +48 509 921 813<br \/> tel. +48 533 444 803<\/p>\n<p>[\/et_pb_text][\/et_pb_column][et_pb_column type=&#8221;1_3&#8243; _builder_version=&#8221;3.17.2&#8243; parallax=&#8221;off&#8221; parallax_method=&#8221;on&#8221;][et_pb_text _builder_version=&#8221;3.17.2&#8243;]<\/p>\n<p style=\"text-align: center;\"><strong>SALON BARTYCKA<\/strong><br \/> ul. Bartycka 26, Pawilon 24a<br \/> 00-716 Warszawa<br \/> tel. +48 511 795 797<br \/> tel. +48 22 428 35 66<\/p>\n<p>[\/et_pb_text][\/et_pb_column][et_pb_column type=&#8221;1_3&#8243; _builder_version=&#8221;3.17.2&#8243; parallax=&#8221;off&#8221; parallax_method=&#8221;on&#8221;][et_pb_text _builder_version=&#8221;3.17.2&#8243;]<\/p>\n<p style=\"text-align: center;\"><strong>SALON BIA\u0141O\u0141\u0118KA<\/strong><br \/> ul. P\u0142ochoci\u0144ska 35<br \/> 03-044 Warszawa<br \/> tel.+48 575 47 97 97<\/p>\n<p>[\/et_pb_text][\/et_pb_column][\/et_pb_row][\/et_pb_section]<\/p>\n","protected":false},"excerpt":{"rendered":"<p>&nbsp; &nbsp; &nbsp; &nbsp; &nbsp; &nbsp; &nbsp; us\u0142ugi &#8212;&#8212;&#8212;&#8212;&#8212;&#8212;&#8211;SALON D\u0179WIERZUTY ul. Micha\u0142a Kajki 2 12-120 D\u017awierzuty tel. +48 509 921 813 tel. +48 533 444 803SALON BARTYCKA ul. Bartycka 26, Pawilon 24a 00-716 Warszawa tel. +48 511 795 797 tel. +48 22 428 35 66SALON BIA\u0141O\u0141\u0118KA ul. P\u0142ochoci\u0144ska 35 03-044 Warszawa tel.+48 575 47 97 [&hellip;]<\/p>\n","protected":false},"author":1,"featured_media":0,"parent":0,"menu_order":0,"comment_status":"closed","ping_status":"closed","template":"","meta":{"_et_pb_use_builder":"on","_et_pb_old_content":"","_et_gb_content_width":"","footnotes":""},"class_list":["post-89","page","type-page","status-publish","hentry"],"_links":{"self":[{"href":"https:\/\/bbtrogalski.pl\/index.php?rest_route=\/wp\/v2\/pages\/89","targetHints":{"allow":["GET"]}}],"collection":[{"href":"https:\/\/bbtrogalski.pl\/index.php?rest_route=\/wp\/v2\/pages"}],"about":[{"href":"https:\/\/bbtrogalski.pl\/index.php?rest_route=\/wp\/v2\/types\/page"}],"author":[{"embeddable":true,"href":"https:\/\/bbtrogalski.pl\/index.php?rest_route=\/wp\/v2\/users\/1"}],"replies":[{"embeddable":true,"href":"https:\/\/bbtrogalski.pl\/index.php?rest_route=%2Fwp%2Fv2%2Fcomments&post=89"}],"version-history":[{"count":8,"href":"https:\/\/bbtrogalski.pl\/index.php?rest_route=\/wp\/v2\/pages\/89\/revisions"}],"predecessor-version":[{"id":141,"href":"https:\/\/bbtrogalski.pl\/index.php?rest_route=\/wp\/v2\/pages\/89\/revisions\/141"}],"wp:attachment":[{"href":"https:\/\/bbtrogalski.pl\/index.php?rest_route=%2Fwp%2Fv2%2Fmedia&parent=89"}],"curies":[{"name":"wp","href":"https:\/\/api.w.org\/{rel}","templated":true}]}}